+ 254. Give j(23).
-91
Let b(d) = -d**3 - 28*d**2 + 5*d + 155. What is b(-28)?
15
Let t(y) = y**2 - 17*y - 39. Calculate t(15).
-69
Let x(f) = -540*f - 1096. Determine x(-2).
-16
Let u(g) = g**2 + 35*g - 340. What is u(-42)?
-46
Let v(u) = u**3 + 4*u**2 - 284*u + 2. Calculate v(-19).
-17
Let s(u) = -2377*u + 123600. Calculate s(52).
-4
Let r(k) = -k**3 + 28*k**2 - 84*k + 1552. Give r(27).
13
Let j(h) = -2*h**3 + 14*h**2 + 182*h - 1282. Calculate j(7).
-8
Let u(m) = 3*m - 216. Determine u(66).
-18
Let h(q) = -2*q**2 + 13*q + 255. Give h(17).
-102
Let l(i) = 10*i**2 - 74*i - 11. Determine l(8).
37
Let d(z) = -z**3 - 20*z**2 + 14*z + 375. Calculate d(-19).
-252
Let x(z) = -3*z**3 + 16*z**2 - 218*z + 1067. Calculate x(5).
2
Let j(a) = -7530*a - 37655. Give j(-5).
-5
Let q(t) = -6*t**3 + 48*t**2 - 8*t + 22. Calculate q(8).
-42
Let s(d) = 109*d + 2185. Calculate s(-20).
5
Let o(r) = 172*r - 1583. What is o(9)?
-35
Let c(k) = 2*k**2 - 113*k + 23. Calculate c(56).
-33
Let j(r) = 3*r**2 - 4*r + 1. What is j(-8)?
225
Let q(f) = 19*f**3 + 34*f**2 - f - 3. Determine q(-1).
13
Let o(v) = -1233*v - 13556. What is o(-11)?
7
Let m(l) = 11*l**3 - l**2 - 23*l + 23. Calculate m(1).
10
Let o(f) = 555*f - 33309. Calculate o(60).
-9
Let y(c) = -4*c**2 + 112*c + 69. What is y(28)?
69
Let d(r) = 5*r**2 + 116*r + 71. Determine d(-22).
-61
Let j(m) = -m**3 + 80*m**2 + 275*m + 5132. Give j(84).
8
Let k(l) = -2*l**3 + 24*l**2 + l + 45. Give k(12).
57
Let n(b) = b**3 + 9*b**2 - 123*b - 101. Determine n(8).
3
Let n(u) = 3*u - 101. What is n(-10)?
-131
Let n(f) = -194*f + 340. Give n(5).
-630
Let b(c) = 73*c + 792. Give b(-8).
208
Let j(m) = -31*m - 280. Calculate j(-9).
-1
Let c(k) = 81*k - 1738. Calculate c(16).
-442
Let d(c) = c**3 - 90*c**2 + 730*c + 63. Calculate d(81).
144
Let z(u) = -49*u - 98. Give z(-1).
-49
Let s(k) = 5*k**3 + 472*k**2 + 186*k - 207. What is s(-94)?
-19
Let u(r) = -3*r**3 + 83*r**2 - 201*r + 26. Determine u(25).
1
Let x(c) = -6*c**3 + 2*c**2 + 146*c + 144. Give x(-1).
6
Let a(n) = 2*n**2 - 81*n + 262. What is a(37)?
3
Let j(c) = -76*c + 250. Give j(4).
-54
Let p(m) = 119*m - 1377. Give p(12).
51
Let m(t) = 251*t + 17070. What is m(-68)?
2
Let b(w) = 2*w**2 - 23*w + 39. Calculate b(2).
1
Let f(u) = 2*u**3 + 121*u**2 - 193*u - 444. Calculate f(-62).
-10
Let t(d) = -d**2 + 4*d + 21. Determine t(-16).
-299
Let b(r) = r**3 + 11*r**2 + 34*r + 7. Determine b(-7).
-35
Let g(f) = -4*f**2 - 24*f - 35. Determine g(-14).
-483
Let h(r) = r**3 + 13*r**2 + 72*r + 940. Determine h(-13).
4
Let r(b) = -b**3 - 32*b**2 + 318*b - 9. Calculate r(-40).
71
Let j(u) = 8*u**2 - 16*u + 1. Determine j(-7).
505
Let d(s) = -7*s + 45. Determine d(7).
-4
Let h(l) = 256*l + 639. Calculate h(-2).
127
Let k(h) = 8*h**3 - 45*h**2 - 3*h + 15. Give k(5).
-125
Let d(c) = 30*c + 313. What is d(-10)?
13
Let b(g) = 13*g - 912. What is b(70)?
-2
Let h(r) = r**2 - 624*r - 16881. Determine h(-26).
19
Let j(y) = 367*y + 94. Calculate j(1).
461
Let b(c) = -5*c**3 - 57*c**2 - 5*c + 1. Calculate b(-11).
-186
Let v(h) = -1911*h - 5732. Give v(-3).
1
Let c(s) = -1517*s + 3038. What is c(2)?
4
Let d(v) = -v**2 + 9*v - 9. Give d(8).
-1
Let z(m) = -40*m + 587. Determine z(14).
27
Let p(t) = 2*t**2 - 19*t - 148. Give p(14).
-22
Let j(n) = -n**3 - 17*n**2 - n - 12. Calculate j(-17).
5
Let h(v) = -18*v**2 + 56*v - 52. Give h(1).
-14
Let m(v) = -18*v - 201. Calculate m(3).
-255
Let m(t) = 28*t + 91. Determine m(-7).
-105
Let n(x) = 9*x**3 - 4*x**2 - 4*x + 4. Determine n(-3).
-263
Let c(d) = -d**3 - 60*d**2 - 115*d - 5. What is c(-58)?
-63
Let h(v) = -123*v - 461. Determine h(-4).
31
Let h(l) = 5*l**2 - 1051*l + 3147. Calculate h(3).
39
Let t(v) = -3500*v - 17. Calculate t(0).
-17
Let p(g) = -g**3 - 41*g**2 - 88*g - 445. Determine p(-39).
-55
Let p(z) = 1815*z + 3639. What is p(-2)?
9
Let n(u) = -2*u**3 + 75*u**2 + 39*u - 92. What is n(38)?
-54
Let b(q) = -q**2 - 31*q + 460. What is b(-42)?
-2
Let f(c) = 5*c - 168. Calculate f(37).
17
Let b(y) = -65*y**2 - 195*y + 2. Give b(-3).
2
Let i(c) = 85*c - 3912. What is i(46)?
-2
Let c(x) = 3*x**2 + 126*x + 1534. Calculate c(-12).
454
Let h(a) = -25*a - 14. Determine h(-6).
136
Let h(p) = 546*p + 3886. Give h(-7).
64
Let j(s) = -31*s**2 + 15*s + 15. Calculate j(-1).
-31
Let g(w) = -2558*w - 10188. Determine g(-4).
44
Let c(i) = -67*i**2 - 31*i + 2. Give c(-1).
-34
Let l(w) = -w**3 - 10*w**2 - 24*w - 79. Determine l(-8).
-15
Let s(z) = z**3 - 9*z**2 - 23*z - 25. Give s(11).
-36
Let w(o) = -2*o**3 - 20*o**2 - 29*o - 41. Calculate w(-8).
-65
Let j(v) = 6*v**2 - 60*v + 546. What is j(10)?
546
Let k(w) = -20*w**2 + 521*w - 28. Determine k(26).
-2
Let n(z) = 28*z**2 + 18*z - 17. Give n(2).
131
Let w(u) = -5*u**2 + 267*u - 109. Give w(53).
-3
Let t(r) = r**3 + 5*r**2 + 23*r - 3. Calculate t(0).
-3
Let h(g) = g**2 - 18*g - 195. What is h(25)?
-20
Let o(r) = -44*r - 532. Calculate o(-12).
-4
Let l(u) = -u**2 + u + 905. What is l(-29)?
35
Let p(q) = q**3 - 50*q**2 + 184*q - 1. Determine p(4).
-1
Let s(u) = 3*u - 287. Determine s(-19).
-344
Let k(f) = -f**3 - 4*f**2 + 10*f + 42. Calculate k(-3).
3
Let q(h) = 151*h - 1284. What is q(9)?
75
Let h(t) = 2*t**3 - 129*t**2 - 67*t + 171. Calculate h(65).
41
Let u(x) = x**3 + 16*x**2 - 27*x - 159. Give u(-17).
11
Let z(t) = 12*t**2 - 685*t + 8911. Determine z(37).
-6
Let a(t) = -15*t + 1299. Determine a(88).
-21
Let d(m) = m**3 + 2*m**2 + 289*m - 869. Calculate d(3).
43
Let n(d) = -2*d**3 + 15*d**2 + d + 8. Calculate n(8).
-48
Let u(b) = 28*b + 1318. Calculate u(-46).
30
Let g(f) = -1170*f - 10522. What is g(-9)?
8
Let y(z) = 475*z + 4268. Calculate y(-9).
-7
Let g(z) = -4*z**2 - 52*z + 16. What is g(-8)?
176
Let r(x) = -x**3 - x**2 + 2*x - 2. Determine r(-3).
10
Let c(n) = -19*n**2 - 146*n - 14. Give c(-7).
77
Let u(i) = -i**3 + 14*i**2 + 120*i + 8. Give u(20).
8
Let t(h) = -h**2 - 73*h + 1784. Determine t(-96).
-424
Let l(f) = f**3 - 28*f**2 + 159*f - 3565. What is l(27)?
-1
Let i(y) = y**2 + 14*y + 18. Determine i(0).
18
Let l(t) = t**2 + 152*t + 4810. Calculate l(-45).
-5
Let i(o) = -312*o**3 + 3*o**2 + 15*o - 17. Give i(1).
-311
Let l(v) = -3*v**3 - 17*v**2 + 22*v + 5. Calculate l(-6).
-91
Let m(k) = 13*k - 80. Give m(9).
37
Let y(a) = -1610*a - 9406. What is y(-6)?
254
Let r(x) = x**3 - 25*x**2 + 68*x - 46. Calculate r(22).
-2
Let b(n) = n**2 + 19*n - 331. Calculate b(-29).
-41
Let v(q) = -2*q**2 + 41*q + 3193. Determine v(-31).
0
Let j(t) = 4*t**2 + 6*t + 7. Give j(3).
61
Let z(p) = 15*p**2 - 279*p - 49. Calculate z(19).
65
Let t(h) = 5*h**2 + 54*h - 16. Give t(-12).
56
Let h(n) = 33*n - 74. Calculate h(9).
223
Let z(r) = -3*r**2 - 96*r - 287. Determine z(-28).
49
Let n(k) = -2*k**2 - 2*k + 38. Give n(6).
-46
Let u(j) = -j**3 - 34*j**2 - 46*j - 428. Calculate u(-33).
1
Let c(y) = y**3 - 154*y**2 + 1801*y + 4521. Give c(141).
9
Let d(x) = -69*x + 2738. Determine d(39).
47
Let s(r) = -5*r**2 + 125*r - 430. What is s(20)?
70
Let p(x) = 53*x + 9760. Give p(-184).
8
Let c(z) = 2*z**2 - 92*z - 37. What is c(47)?
57
Let k(i) = 142*i - 14. What is k(1)?
128
Let n(g) = -g**2 + 7*g + 485. Determine n(-18).
35
Let i(s) = -s**3 - 9*s**2 + 11*s + 12. What is i(-9)?
-87
Let l(g) = -25*g + 3164. Determine l(126).
14
Let z(w) = 10*w**2 - 57*w - 7. Determine z(6).
11
Let i(g) = 1956*g - 7847. What is i(4)?
-23
Let i(j) = -4*j**2 - 95*j - 984. What is i(-10)?
-434
Let n(k) = -37*k + 381. Calculate n(24).
-507
Let i(u) = -284*u - 32. What is i(0)?
-32
Let g(m) = 6*m**3 + 40*m**2 + 4*m + 2. Calculate g(-5).
232
Let c(t) = t**2 - 97*t - 1938. What is c(113)?
-130
Let d(n) = 11*n + 48. Give d(-23).
-205
Let m(t) = 3*t**3 - 8*t**2 - 39*t - 2. What is m(6)?
124
Let r(k) = -k**3 - 10*k**2 - 39*k - 100. What is r(-6)?
-10
Let d(r) = 41*r - 38. Calculate d(1).
3
Let x(c) = -56*c - 2323. Calculate x(-41).
-27
Let o(p) = 10*p**2 - 1099*p + 7196. What is o(7)?
-7
Let x(m) = 110*m - 1834. Determine x(19).
256
Let i(n) = 2*n**3 - 3*n**2 - 96*n + 124. Calculate i(7).
-9
Let c(r) = -r**3 - 8*r**2 + 106*r + 524. What is c(-13)?
-9
Let x(i) = -9*i**3 - 638*i**2 + 62*i - 639. Calculate x(-71).
0
Let k(l) = 360*l - 19795. Determine k(55).
5
Let x(z) = -76*z - 8810. Calculate x(-116).
6
Let n(b) = 3*b**3 + 12*b**2 - 53*b + 46. Determine n(2).
12
Let d(t) = 1